30. Is (m/(-8))/n - (-3)/(-4) composite?
False
Let z(y) = -y**3 - 13*y**2 + 11*y - 43. Let q be z(-14). Is 92338/3 - q*(-4)/12 a composite number?
True
Let a = 9029 + -399. Suppose -28*k = -38*k + a. Is k prime?
True
Suppose -8*d - 1173987 = -35*d. Is d a prime number?
True
Let s(h) = -56265*h - 9989. Is s(-6) prime?
False
Let l be 7/(-14)*(0 - 84/2). Suppose l*b = 12*b + 27369. Is b a composite number?
False
Let z(t) = 232*t**2 + 14*t + 12. Let y(l) = 116*l**2 + 7*l + 5. Let b(a) = 5*y(a) - 2*z(a). Is b(14) composite?
True
Suppose 0*i = -5*i - 25, 5*d - 3*i - 25 = 0. Let o(m) = -1 - d*m + 126*m**2 - 4 + 3*m + 2*m. Is o(2) a prime number?
False
Suppose i + 12484 = 2*d, 41*d - 24986 = 37*d - i. Is d prime?
False
Let v(w) = -4*w**2 - 14 + 0*w**2 - 13*w + 27 - 7*w**3. Is v(-9) prime?
True
Is (2/(-8))/(169/(-272035244)) composite?
False
Let d = -157498 + 422977. Is d a prime number?
False
Let k(j) = j**2 - 108*j + 528. Is k(-95) a composite number?
False
Let y(a) = -8*a + 2133. Let k be y(0). Let s = k - 1262. Is s prime?
False
Suppose 0 = -4*n - 4*k - 20, -5*n + 2*k = -8*n - 13. Let l(q) = 2144*q**2 - 6*q - 11. Let s be l(n). Suppose 1930 = 17*c - s. Is c a prime number?
True
Let a(v) = -2*v**3 - 10*v**2 - 9*v - 36. Let b(k) = -2*k**3 - 11*k**2 - 9*k - 35. Let f(r) = -3*a(r) + 4*b(r). Is f(-9) a prime number?
True
Let m be (2/(-5))/((-6)/60). Suppose -12*p - 293 = -q - 11*p, -2*p - m = 0. Is q prime?
False
Suppose -3*l - 2*a + 8 = 0, -2*a + 0*a = -l + 8. Let i = 18 - l. Suppose 0 = -3*h + 217 + i. Is h a prime number?
False
Let t(m) = -2 + 2*m - 25*m**3 + 3 + 20*m**3. Let j be t(-1). Suppose 3*a - 288 = -j*w + 846, -3*w = 2*a - 755. Is a prime?
False
Let a = 2 - -1. Let i(g) be the third derivative of 5*g**5/12 - 5*g**4/24 - g**3/6 - 42*g**2 + g + 4. Is i(a) a composite number?
True
Suppose 4*w + 3*t = 54, -2*w - 3*t = -0*t - 24. Let j(m) = 6*m**2 - 14*m - 37. Is j(w) prime?
True
Let p(c) = 232*c**2 + 37*c + 49. Is p(8) composite?
False
Let p(q) = -16*q**2 + 5*q - 4. Let v be p(3). Let j = v + 504. Is j a prime number?
False
Is -2*(77855 - 16)*2/(-4) composite?
False
Let s be (4/(-2))/(10/20465). Suppose -1561 = t + 4297. Let r = s - t. Is r prime?
False
Let p(t) = 216350*t**3 + 7*t**2 - 2*t. Is p(1) composite?
True
Let c(p) = 2*p - 24. Let a be c(9). Let t be (6/(-2))/(a/7308). Suppose 0 = 3*b - 1311 - t. Is b a composite number?
True
Let b(a) be the third derivative of -a**6/120 - 3*a**5/10 - 5*a**4/3 - 11*a**3/3 - 90*a**2. Is b(-19) a composite number?
True
Suppose 0 = 4*h + 2*t - 2402510, 3003127 = -h + 6*h + 4*t. Is h a prime number?
True
Let p be 0/1*((-90)/(-9))/20. Suppose p = -5*y - 4*m + 8977, -8980 = -10*y + 5*y - 5*m. Is y composite?
True
Let a(s) = 382*s**3 + 4*s**2 - 44*s + 631. Is a(9) a composite number?
True
Let a(l) = -l**3 + 40*l**2 - 6*l - 16. Is a(37) composite?
True
Suppose 11 = l + 6. Let t be (-60)/(-36) + ((-8)/(-6))/(-2). Suppose l*a = 2*v - 3514, 0 = -4*a - 17 + t. Is v a composite number?
False
Let s = -17897 - -322090. Is s a composite number?
False
Let o = -860 - -1357. Suppose 489*k - o*k + 32728 = 0. Is k a prime number?
True
Suppose -3*k - 9 = 0, 3*j - 2*k = 1122812 + 855829. Is j composite?
True
Let x(f) = -f**2 + 4*f - 1. Let a be x(3). Suppose -2*m = -a*z + 90, 0 = -z - m - 3*m + 45. Is 1 - (z - -1)*27/(-2) prime?
False
Let z = -330 + 1695. Suppose z = -10*a + 4895. Is a prime?
True
Let h(p) = -970*p + 61. Let m be h(-13). Let s = -850 + m. Is s prime?
True
Suppose -32682 - 531383 = -8*g + 385047. Is g a prime number?
False
Suppose -6*n + 4*p = -3*n - 2, 0 = 2*n + 5*p - 9. Suppose -x = 3*t - 44596, -4*t + 29759 = -n*t - 5*x. Is t prime?
True
Suppose -u + 27 = 4*r, -4*u = -5*u + 3. Suppose r + 6 = 4*k. Suppose k*y - 2585 = -p, -2*y + 3*p = -282 - 1445. Is y prime?
False
Suppose 385*q - 81198 = 376*q. Suppose -5*p + 138621 = 4*b + q, -4*p + 103672 = 5*b. Is p a composite number?
True
Let x(i) = 10666*i**2 + 4*i - 7. Is x(-4) a prime number?
True
Let y = 3852224 - 2463165. Is y a composite number?
True
Let s = -32690 - -58995. Is s prime?
False
Suppose -10*z - 123 = 87. Let y(u) = -u**3 - 20*u**2 + 19*u - 36. Let k be y(z). Is (-1)/k - 49861/(-42) composite?
False
Let r be (-3 - (1 - 5))/(2/6). Suppose r*k + 938 = 10547. Is k composite?
False
Let c(v) = -11*v**3 - 55*v**2 + 67*v - 41. Is c(-32) a composite number?
False
Let i(h) = -h**2 - 11*h - 5. Let m be i(-10). Suppose 3*c + 5012 = m*c. Let z = 3627 - c. Is z composite?
True
Suppose 3*u + 71481 = 3*w, 8*w = -u + 4*w - 23822. Let m = u + 120011. Is m a prime number?
False
Is (-48199)/((16 - 4) + -13) a prime number?
False
Let n(b) = b - 1. Let l(w) = -250*w**2 + 3*w - 2. Let p(d) = -l(d) + 4*n(d). Is p(1) prime?
False
Let c(g) = -5 + 28*g**2 - 5 - 8 + 0 - 4 + 11*g. Is c(5) a composite number?
False
Suppose 5*w - 671*a - 743319 = -670*a, -5*a + 297306 = 2*w. Is w a prime number?
True
Let i = 1073 - 530. Let d = 3064 - i. Is d a prime number?
True
Let i(x) = x**3 - 9*x**2 + 16*x - 14. Suppose 0 = -5*w, 3*l = 5*w + 4 + 17. Let u be i(l). Suppose u = 49*p - 55*p + 6414. Is p composite?
False
Suppose 7*v = -9*v + 179168. Suppose -v = -7*k + 15549. Is k prime?
True
Let h = 108578 + -66829. Is h a composite number?
True
Suppose -534391 = -30*n + 978839. Is n prime?
True
Let k be 20*6/(120/5). Suppose -k*y - c = -120 - 8399, -4*y + 5*c + 6792 = 0. Is y composite?
True
Suppose 4*g - 863 = -819. Suppose g*k - 9172 = 7*k. Is k a prime number?
True
Let m = -36 + 32. Let x be (-3)/2*m/(-6). Is (x - -4) + 15 + 1121 prime?
False
Let x = 644998 + -282141. Is x a prime number?
False
Let a(x) = -7*x**2 + 7*x - 37. Let w be a(-12). Let v = w + 1702. Is v a composite number?
True
Suppose -40*g = f - 44*g - 7877, 3*g - 39500 = -5*f. Is f a prime number?
False
Let s be 10/1 + (-13 - -11 - 1). Suppose 0 = -s*i + 15*i - 11848. Is i prime?
True
Let k = -2179 + 3288. Let f be ((0 - -22)*1)/2. Suppose k = f*x - 453. Is x a prime number?
False
Let p(a) = -a**3 - 8*a**2 + 50. Let m be p(-7). Is m + 6 - (10 - 1264) a prime number?
False
Let l(u) = 2*u**2 + 6*u - 11. Let g(w) = 2*w - 8. Let a be g(5). Let i be l(a). Suppose i*j + 1444 - 12253 = 0. Is j composite?
False
Let c(g) be the first derivative of 467*g**2/2 - 86*g - 109. Is c(17) prime?
True
Suppose 4*t = -5*w - 0*t + 14, -6 = -2*w - 2*t. Let h = -3021 - -3025. Suppose -r - 2*y + 1691 = 0, -1695 = 3*r - h*r + w*y. Is r composite?
False
Suppose 55 = 5*r + 2*o, -o + 50 = 13*r - 8*r. Let b(f) = 4*f**3 + 6*f**2 - 12*f + 95. Is b(r) prime?
True
Let r = -22 - -30. Let b(s) = -23*s**2 - 3*s + 4. Let t(p) = 23*p**2 + 4*p - 5. Let k(f) = -6*b(f) - 5*t(f). Is k(r) composite?
True
Suppose -47*b + 19*b + 24332 = 0. Let j = b - -3342. Is j prime?
True
Let l(w) = 3*w**2 - w + 30. Let i be l(-18). Suppose 2*m = 2614 + i. Is m a prime number?
False
Let u = -644937 - -1754366. Is u composite?
True
Let z be (105/(-63))/(1/(-3)). Suppose 2*r = i + 238, -r - 472 = -z*r + 3*i. Is r a prime number?
False
Let h(k) = 6610*k**3 + 5*k**2 + 11*k - 77. Is h(3) a prime number?
False
Let h = 600619 - 13850. Is h a composite number?
False
Let c(h) = 14*h**3 + 15*h**2 - 174*h - 31. Is c(12) a composite number?
True
Let u be 3 + 1 + 17 + 1. Suppose -u*i + 233944 = -14*i. Is i prime?
True
Let y be (-2)/11 + (-8 - (-16506440)/88). Suppose 59*a - y + 18766 = 0. Is a a prime number?
True
Suppose -2*u = -x - x - 14422, -2*x = 2*u - 14446. Is u prime?
False
Let q = -91 + 105. Is 33/(-77) - (-7300)/q prime?
True
Let w = 13 - 28. Let v be (-21)/5 - ((-104)/20 - -6). Is 3/v + (-6879)/w a composite number?
True
Let h(v) = 149*v**2. Let m = -16 - -18. Suppose -4*o = -20, m*o = -4*q - 0 + 6. Is h(q) a prime number?
True
Suppose -5*f - 5*g + 56136 = -f, -2*f + g = -28054. Is f composite?
False
Suppose 0 = -6*b + 14*b + 52304. Let t = -2291 - b. Is t composite?
True
Suppose 17*d = 22*d - 10. Is d*(-3 - 1 - 124173/(-42)) composite?
True
Let m be 0 + 2 + 18215 + -3. Let o(p) = -6*p**3 - 8*p**2 - 22*p + 22. Let h be o(-11). Suppose m = 12*l + h. Is l a composite number?
False
Let y(l) = 324*l**3 + 5*l**2 + 22*l + 24. Is y(11) a composite number?
True
Let i be 0*((-24)/9 - -3). Let x be 670/3*(-2 + -1 + i). Let h = x - -1116. Is h composite?
True
Suppose 3*n + 4*j - 432167 = 0, 